{"id":17221,"date":"2023-09-14T14:49:57","date_gmt":"2023-09-14T17:49:57","guid":{"rendered":"http:\/\/18.228.156.244\/latcom\/?page_id=17221"},"modified":"2023-09-21T15:49:31","modified_gmt":"2023-09-21T18:49:31","slug":"template-digital-off-canvas","status":"publish","type":"page","link":"https:\/\/latcom.com\/latcom\/out-of-home\/digital\/template-digital-off-canvas\/","title":{"rendered":"Template Digital Off Canvas"},"content":{"rendered":"<style>.elementor-17221 .elementor-element.elementor-element-d4fa449{--display:flex;}.elementor-widget-accordion .elementor-accordion-icon, .elementor-widget-accordion .elementor-accordion-title{color:var( --e-global-color-primary );}.elementor-widget-accordion .elementor-accordion-icon svg{fill:var( --e-global-color-primary );}.elementor-widget-accordion .elementor-active .elementor-accordion-icon, .elementor-widget-accordion .elementor-active .elementor-accordion-title{color:var( --e-global-color-accent );}.elementor-widget-accordion .elementor-active .elementor-accordion-icon svg{fill:var( --e-global-color-accent );}.elementor-widget-accordion .elementor-accordion-title{font-weight:var( --e-global-typography-primary-font-weight );}.elementor-widget-accordion .elementor-tab-content{color:var( --e-global-color-text );font-weight:var( --e-global-typography-text-font-weight );}.elementor-17221 .elementor-element.elementor-element-52e22e7 .elementor-accordion-item{border-width:0px;}.elementor-17221 .elementor-element.elementor-element-52e22e7 .elementor-accordion-item .elementor-tab-content{border-width:0px;}.elementor-17221 .elementor-element.elementor-element-52e22e7 .elementor-accordion-item .elementor-tab-title.elementor-active{border-width:0px;}.elementor-17221 .elementor-element.elementor-element-52e22e7 .elementor-accordion-icon, .elementor-17221 .elementor-element.elementor-element-52e22e7 .elementor-accordion-title{color:#0C125F;}.elementor-17221 .elementor-element.elementor-element-52e22e7 .elementor-accordion-icon svg{fill:#0C125F;}.elementor-17221 .elementor-element.elementor-element-52e22e7 .elementor-active .elementor-accordion-icon, .elementor-17221 .elementor-element.elementor-element-52e22e7 .elementor-active .elementor-accordion-title{color:#E06330;}.elementor-17221 .elementor-element.elementor-element-52e22e7 .elementor-active .elementor-accordion-icon svg{fill:#E06330;}.elementor-17221 .elementor-element.elementor-element-52e22e7 .elementor-accordion-title{font-family:\"Sofia Pro\", Sans-serif;font-weight:400;}.elementor-17221 .elementor-element.elementor-element-52e22e7 .elementor-tab-content{font-family:\"Sofia Pro\", Sans-serif;font-weight:400;}<\/style>\t\t<div data-elementor-type=\"wp-page\" data-elementor-id=\"17221\" class=\"elementor elementor-17221\">\n\t\t\t\t<div class=\"elementor-element elementor-element-d4fa449 e-flex e-con-boxed e-con e-parent\" data-id=\"d4fa449\" data-element_type=\"container\" data-e-type=\"container\">\n\t\t\t\t\t<div class=\"e-con-inner\">\n\t\t\t\t<div class=\"elementor-element elementor-element-52e22e7 elementor-widget elementor-widget-accordion\" data-id=\"52e22e7\" data-element_type=\"widget\" data-e-type=\"widget\" data-widget_type=\"accordion.default\">\n\t\t\t\t<div class=\"elementor-widget-container\">\n\t\t\t\t\t\t\t<div class=\"elementor-accordion\">\n\t\t\t\t\t\t\t<div class=\"elementor-accordion-item\">\n\t\t\t\t\t<div id=\"elementor-tab-title-8691\" class=\"elementor-tab-title\" data-tab=\"1\" role=\"button\" aria-controls=\"elementor-tab-content-8691\" aria-expanded=\"false\">\n\t\t\t\t\t\t\t\t\t\t\t\t\t<span class=\"elementor-accordion-icon elementor-accordion-icon-left\" aria-hidden=\"true\">\n\t\t\t\t\t\t\t\t\t\t\t\t\t\t\t<span class=\"elementor-accordion-icon-closed\"><i class=\"fas fa-plus\"><\/i><\/span>\n\t\t\t\t\t\t\t\t<span class=\"elementor-accordion-icon-opened\"><i class=\"fas fa-minus\"><\/i><\/span>\n\t\t\t\t\t\t\t\t\t\t\t\t\t\t<\/span>\n\t\t\t\t\t\t\t\t\t\t\t\t<a class=\"elementor-accordion-title\" tabindex=\"0\">Soportes<\/a>\n\t\t\t\t\t<\/div>\n\t\t\t\t\t<div id=\"elementor-tab-content-8691\" class=\"elementor-tab-content elementor-clearfix\" data-tab=\"1\" role=\"region\" aria-labelledby=\"elementor-tab-title-8691\"><ul><li>Gran formato digital,<\/li><li>Formato medio digital,<\/li><li>Mupi digital,<\/li><li>Elementos m\u00f3viles digitales<\/li><\/ul><\/div>\n\t\t\t\t<\/div>\n\t\t\t\t\t\t\t<div class=\"elementor-accordion-item\">\n\t\t\t\t\t<div id=\"elementor-tab-title-8692\" class=\"elementor-tab-title\" data-tab=\"2\" role=\"button\" aria-controls=\"elementor-tab-content-8692\" aria-expanded=\"false\">\n\t\t\t\t\t\t\t\t\t\t\t\t\t<span class=\"elementor-accordion-icon elementor-accordion-icon-left\" aria-hidden=\"true\">\n\t\t\t\t\t\t\t\t\t\t\t\t\t\t\t<span class=\"elementor-accordion-icon-closed\"><i class=\"fas fa-plus\"><\/i><\/span>\n\t\t\t\t\t\t\t\t<span class=\"elementor-accordion-icon-opened\"><i class=\"fas fa-minus\"><\/i><\/span>\n\t\t\t\t\t\t\t\t\t\t\t\t\t\t<\/span>\n\t\t\t\t\t\t\t\t\t\t\t\t<a class=\"elementor-accordion-title\" tabindex=\"0\">Anuncios Din\u00e1micos<\/a>\n\t\t\t\t\t<\/div>\n\t\t\t\t\t<div id=\"elementor-tab-content-8692\" class=\"elementor-tab-content elementor-clearfix\" data-tab=\"2\" role=\"region\" aria-labelledby=\"elementor-tab-title-8692\"><p>La publicidad din\u00e1mica permite cambiar el contenido en real time, adoptando creatividades a diversas variables contextuales (clima, tr\u00e1fico, niveles de poluci\u00f3n e interacciones en redes sociales, etc).<\/p><p><a class=\"btn-video2\" href=\"https:\/\/vimeo.com\/864469768\" data-fancybox=\"\" rel=\"nofollow noopener\" target=\"_blank\"><i class=\"bx bx-play\"><\/i>ver video<\/a><\/p><\/div>\n\t\t\t\t<\/div>\n\t\t\t\t\t\t\t<div class=\"elementor-accordion-item\">\n\t\t\t\t\t<div id=\"elementor-tab-title-8693\" class=\"elementor-tab-title\" data-tab=\"3\" role=\"button\" aria-controls=\"elementor-tab-content-8693\" aria-expanded=\"false\">\n\t\t\t\t\t\t\t\t\t\t\t\t\t<span class=\"elementor-accordion-icon elementor-accordion-icon-left\" aria-hidden=\"true\">\n\t\t\t\t\t\t\t\t\t\t\t\t\t\t\t<span class=\"elementor-accordion-icon-closed\"><i class=\"fas fa-plus\"><\/i><\/span>\n\t\t\t\t\t\t\t\t<span class=\"elementor-accordion-icon-opened\"><i class=\"fas fa-minus\"><\/i><\/span>\n\t\t\t\t\t\t\t\t\t\t\t\t\t\t<\/span>\n\t\t\t\t\t\t\t\t\t\t\t\t<a class=\"elementor-accordion-title\" tabindex=\"0\">Cluster Digital<\/a>\n\t\t\t\t\t<\/div>\n\t\t\t\t\t<div id=\"elementor-tab-content-8693\" class=\"elementor-tab-content elementor-clearfix\" data-tab=\"3\" role=\"region\" aria-labelledby=\"elementor-tab-title-8693\"><p>Comunicaci\u00f3n segmentada en contenidos y franjas horarias en ubicaciones seleccionadas con mensajes temporales en momentos clave para redireccionar a las audiencias a las tiendas.<\/p><p><a class=\"btn-video2\" href=\"https:\/\/vimeo.com\/866893463\" data-fancybox=\"\" rel=\"nofollow noopener\" target=\"_blank\"><i class=\"bx bx-play\"><\/i>ver video<\/a><\/p><\/div>\n\t\t\t\t<\/div>\n\t\t\t\t\t\t\t<div class=\"elementor-accordion-item\">\n\t\t\t\t\t<div id=\"elementor-tab-title-8694\" class=\"elementor-tab-title\" data-tab=\"4\" role=\"button\" aria-controls=\"elementor-tab-content-8694\" aria-expanded=\"false\">\n\t\t\t\t\t\t\t\t\t\t\t\t\t<span class=\"elementor-accordion-icon elementor-accordion-icon-left\" aria-hidden=\"true\">\n\t\t\t\t\t\t\t\t\t\t\t\t\t\t\t<span class=\"elementor-accordion-icon-closed\"><i class=\"fas fa-plus\"><\/i><\/span>\n\t\t\t\t\t\t\t\t<span class=\"elementor-accordion-icon-opened\"><i class=\"fas fa-minus\"><\/i><\/span>\n\t\t\t\t\t\t\t\t\t\t\t\t\t\t<\/span>\n\t\t\t\t\t\t\t\t\t\t\t\t<a class=\"elementor-accordion-title\" tabindex=\"0\">Program\u00e1tica<\/a>\n\t\t\t\t\t<\/div>\n\t\t\t\t\t<div id=\"elementor-tab-content-8694\" class=\"elementor-tab-content elementor-clearfix\" data-tab=\"4\" role=\"region\" aria-labelledby=\"elementor-tab-title-8694\"><p>Proceso automatizado de adquisici\u00f3n de Digital Out Of Home que, utilizando algoritmos y tecnolog\u00eda, selecciona de forma eficiente los espacios publicitarios m\u00e1s adecuados para cada audiencia, bas\u00e1ndose en datos y an\u00e1lisis en tiempo real.<\/p><\/div>\n\t\t\t\t<\/div>\n\t\t\t\t\t\t\t\t<\/div>\n\t\t\t\t\t\t<\/div>\n\t\t\t\t<\/div>\n\t\t\t\t\t<\/div>\n\t\t\t\t<\/div>\n\t\t\t\t<\/div>\n\t\t","protected":false},"excerpt":{"rendered":"<p>Soportes Gran formato digital, Formato medio digital, Mupi digital, Elementos m\u00f3viles digitales Anuncios Din\u00e1micos La publicidad din\u00e1mica permite cambiar el contenido en real time, adoptando creatividades a diversas variables contextuales (clima, tr\u00e1fico, niveles de poluci\u00f3n e interacciones en redes sociales, etc). ver video Cluster Digital Comunicaci\u00f3n segmentada en contenidos y franjas horarias en ubicaciones seleccionadas &#8230; <a title=\"Template Digital Off Canvas\" class=\"read-more\" href=\"https:\/\/latcom.com\/latcom\/out-of-home\/digital\/template-digital-off-canvas\/\" aria-label=\"Leer m\u00e1s sobre Template Digital Off Canvas\">Leer m\u00e1s<\/a><\/p>\n","protected":false},"author":1,"featured_media":0,"parent":1581,"menu_order":0,"comment_status":"closed","ping_status":"closed","template":"","meta":{"_acf_changed":false,"inline_featured_image":false,"footnotes":""},"class_list":["post-17221","page","type-page","status-publish"],"acf":[],"lang":"es","translations":{"es":17221,"en":17252,"pt":17286},"pll_sync_post":[],"_links":{"self":[{"href":"https:\/\/latcom.com\/latcom\/wp-json\/wp\/v2\/pages\/17221","targetHints":{"allow":["GET"]}}],"collection":[{"href":"https:\/\/latcom.com\/latcom\/wp-json\/wp\/v2\/pages"}],"about":[{"href":"https:\/\/latcom.com\/latcom\/wp-json\/wp\/v2\/types\/page"}],"author":[{"embeddable":true,"href":"https:\/\/latcom.com\/latcom\/wp-json\/wp\/v2\/users\/1"}],"replies":[{"embeddable":true,"href":"https:\/\/latcom.com\/latcom\/wp-json\/wp\/v2\/comments?post=17221"}],"version-history":[{"count":11,"href":"https:\/\/latcom.com\/latcom\/wp-json\/wp\/v2\/pages\/17221\/revisions"}],"predecessor-version":[{"id":19386,"href":"https:\/\/latcom.com\/latcom\/wp-json\/wp\/v2\/pages\/17221\/revisions\/19386"}],"up":[{"embeddable":true,"href":"https:\/\/latcom.com\/latcom\/wp-json\/wp\/v2\/pages\/1581"}],"wp:attachment":[{"href":"https:\/\/latcom.com\/latcom\/wp-json\/wp\/v2\/media?parent=17221"}],"curies":[{"name":"wp","href":"https:\/\/api.w.org\/{rel}","templated":true}]}}