{"id":14476,"date":"2023-08-07T10:34:30","date_gmt":"2023-08-07T13:34:30","guid":{"rendered":"http:\/\/18.228.156.244\/latcom\/?page_id=14476"},"modified":"2024-07-29T11:03:39","modified_gmt":"2024-07-29T14:03:39","slug":"meios-de-transporte","status":"publish","type":"page","link":"https:\/\/latcom.com\/latcom\/pt\/out-of-home\/meios-de-transporte\/","title":{"rendered":"Meios de transporte"},"content":{"rendered":"<style>.elementor-14476 .elementor-element.elementor-element-ed5f10f{--display:flex;--flex-direction:row;--container-widget-width:calc( ( 1 - var( --container-widget-flex-grow ) ) * 100% );--container-widget-height:100%;--container-widget-flex-grow:1;--container-widget-align-self:stretch;--flex-wrap-mobile:wrap;--align-items:stretch;--gap:0px 0px;--row-gap:0px;--column-gap:0px;--margin-top:0px;--margin-bottom:0px;--margin-left:0px;--margin-right:0px;--padding-top:10px;--padding-bottom:10px;--padding-left:0px;--padding-right:0px;}.elementor-14476 .elementor-element.elementor-element-ed5f10f:not(.elementor-motion-effects-element-type-background), .elementor-14476 .elementor-element.elementor-element-ed5f10f > .elementor-motion-effects-container > .elementor-motion-effects-layer{background-color:#00294F;}.elementor-14476 .elementor-element.elementor-element-a51f7c6{--display:flex;--justify-content:center;--align-items:center;--container-widget-width:calc( ( 1 - var( --container-widget-flex-grow ) ) * 100% );--margin-top:0px;--margin-bottom:0px;--margin-left:0px;--margin-right:0px;--padding-top:0px;--padding-bottom:0px;--padding-left:0px;--padding-right:0px;}.elementor-14476 .elementor-element.elementor-element-a51f7c6.e-con{--flex-grow:0;--flex-shrink:0;}.elementor-widget-button .elementor-button{font-weight:var( --e-global-typography-accent-font-weight );background-color:var( --e-global-color-accent );}.elementor-14476 .elementor-element.elementor-element-d2f85d3 .elementor-button{background-color:#E06330;border-style:solid;border-width:1px 1px 1px 1px;border-color:#FFFFFF;border-radius:50px 50px 50px 50px;}.elementor-14476 .elementor-element.elementor-element-d2f85d3 .elementor-button:hover, .elementor-14476 .elementor-element.elementor-element-d2f85d3 .elementor-button:focus{color:#E06330;background-color:#FFFFFF;}.elementor-14476 .elementor-element.elementor-element-d2f85d3 .elementor-button:hover svg, .elementor-14476 .elementor-element.elementor-element-d2f85d3 .elementor-button:focus svg{fill:#E06330;}.elementor-14476 .elementor-element.elementor-element-d2f85d3.elementor-element{--align-self:center;}.elementor-14476 .elementor-element.elementor-element-a402c3a{--display:flex;--justify-content:center;--align-items:center;--container-widget-width:calc( ( 1 - var( --container-widget-flex-grow ) ) * 100% );--margin-top:0px;--margin-bottom:0px;--margin-left:0px;--margin-right:0px;--padding-top:5px;--padding-bottom:10px;--padding-left:0px;--padding-right:0px;}.elementor-14476 .elementor-element.elementor-element-a402c3a.e-con{--align-self:center;}.elementor-widget-heading .elementor-heading-title{font-weight:var( --e-global-typography-primary-font-weight );color:var( --e-global-color-primary );}.elementor-14476 .elementor-element.elementor-element-3c30c09{text-align:center;}.elementor-14476 .elementor-element.elementor-element-3c30c09 .elementor-heading-title{font-family:\"Sofia Pro\", Sans-serif;font-size:40px;font-weight:500;color:#FFFFFF;}.elementor-14476 .elementor-element.elementor-element-3c30c09 > .elementor-widget-container{margin:0px 0px 0px 0px;padding:0px 0px 0px 0px;}.elementor-14476 .elementor-element.elementor-element-bb3be24{--display:flex;--justify-content:center;--margin-top:0px;--margin-bottom:0px;--margin-left:0px;--margin-right:0px;--padding-top:0px;--padding-bottom:0px;--padding-left:0px;--padding-right:0px;}.elementor-14476 .elementor-element.elementor-element-bb3be24.e-con{--flex-grow:0;--flex-shrink:0;}.elementor-14476 .elementor-element.elementor-element-390ddb5{--display:flex;--align-items:stretch;--container-widget-width:calc( ( 1 - var( --container-widget-flex-grow ) ) * 100% );--gap:0px 0px;--row-gap:0px;--column-gap:0px;--margin-top:0px;--margin-bottom:0px;--margin-left:0px;--margin-right:0px;--padding-top:0px;--padding-bottom:0px;--padding-left:0px;--padding-right:0px;}.elementor-14476 .elementor-element.elementor-element-6774bc5{--display:flex;--margin-top:0px;--margin-bottom:0px;--margin-left:0px;--margin-right:0px;--padding-top:0px;--padding-bottom:0px;--padding-left:0px;--padding-right:0px;}.elementor-14476 .elementor-element.elementor-element-bf1939c{--display:flex;--margin-top:0px;--margin-bottom:0px;--margin-left:0px;--margin-right:0px;--padding-top:0px;--padding-bottom:0px;--padding-left:0px;--padding-right:0px;}.elementor-14476 .elementor-element.elementor-element-93d2d49{--display:flex;--flex-direction:row;--container-widget-width:calc( ( 1 - var( --container-widget-flex-grow ) ) * 100% );--container-widget-height:100%;--container-widget-flex-grow:1;--container-widget-align-self:stretch;--flex-wrap-mobile:wrap;--align-items:stretch;--gap:10px 10px;--row-gap:10px;--column-gap:10px;--margin-top:0px;--margin-bottom:0px;--margin-left:0px;--margin-right:0px;--padding-top:0px;--padding-bottom:0px;--padding-left:0px;--padding-right:0px;}.elementor-14476 .elementor-element.elementor-element-93d2d49:not(.elementor-motion-effects-element-type-background), .elementor-14476 .elementor-element.elementor-element-93d2d49 > .elementor-motion-effects-container > .elementor-motion-effects-layer{background-color:#FFFFFF;}.elementor-14476 .elementor-element.elementor-element-0316e85{--display:flex;--justify-content:flex-start;--padding-top:30px;--padding-bottom:30px;--padding-left:30px;--padding-right:30px;}.elementor-14476 .elementor-element.elementor-element-96fe325{--display:flex;}.elementor-14476 .elementor-element.elementor-element-f16d0d4{--display:flex;--flex-direction:row;--container-widget-width:initial;--container-widget-height:100%;--container-widget-flex-grow:1;--container-widget-align-self:stretch;--flex-wrap-mobile:wrap;--gap:0px 0px;--row-gap:0px;--column-gap:0px;--margin-top:0px;--margin-bottom:0px;--margin-left:0px;--margin-right:0px;--padding-top:0px;--padding-bottom:0px;--padding-left:0px;--padding-right:0px;}.elementor-14476 .elementor-element.elementor-element-fd1f093{--display:flex;--justify-content:center;--padding-top:2px;--padding-bottom:2px;--padding-left:2px;--padding-right:2px;}.elementor-14476 .elementor-element.elementor-element-fd1f093.e-con{--flex-grow:0;--flex-shrink:0;}.elementor-widget-image .widget-image-caption{color:var( --e-global-color-text );font-weight:var( --e-global-typography-text-font-weight );}.elementor-14476 .elementor-element.elementor-element-d76223b img{filter:brightness( 0% ) contrast( 0% ) saturate( 103% ) blur( 0px ) hue-rotate( 0deg );}.elementor-14476 .elementor-element.elementor-element-d76223b{width:initial;max-width:initial;}.elementor-14476 .elementor-element.elementor-element-d76223b.elementor-element{--flex-grow:0;--flex-shrink:0;}.elementor-14476 .elementor-element.elementor-element-d197fdf{--display:flex;--justify-content:center;}.elementor-14476 .elementor-element.elementor-element-681342d .elementor-heading-title{font-family:\"Prompt\", Sans-serif;font-weight:800;color:#0C125F;}.elementor-14476 .elementor-element.elementor-element-681342d > .elementor-widget-container{margin:0px 0px 0px 0px;padding:0px 0px 0px 20px;}.elementor-widget-text-editor{font-weight:var( --e-global-typography-text-font-weight );color:var( --e-global-color-text );}.elementor-widget-text-editor.elementor-drop-cap-view-stacked .elementor-drop-cap{background-color:var( --e-global-color-primary );}.elementor-widget-text-editor.elementor-drop-cap-view-framed .elementor-drop-cap, .elementor-widget-text-editor.elementor-drop-cap-view-default .elementor-drop-cap{color:var( --e-global-color-primary );border-color:var( --e-global-color-primary );}.elementor-14476 .elementor-element.elementor-element-82f2ea5{font-family:\"Sofia Pro\", Sans-serif;font-weight:400;color:#0C125F;}.elementor-14476 .elementor-element.elementor-element-be2be97{--display:flex;--padding-top:0px;--padding-bottom:0px;--padding-left:0px;--padding-right:0px;}.elementor-14476 .elementor-element.elementor-element-88e06fb{--e-image-carousel-slides-to-show:1;width:auto;max-width:auto;}.elementor-14476 .elementor-element.elementor-element-88e06fb > .elementor-widget-container{margin:0px 0px 0px 0px;padding:0px 0px 0px 0px;}@media(max-width:1024px){.elementor-14476 .elementor-element.elementor-element-3c30c09 .elementor-heading-title{font-size:42px;}}@media(max-width:767px){.elementor-14476 .elementor-element.elementor-element-ed5f10f{--padding-top:10px;--padding-bottom:10px;--padding-left:0px;--padding-right:0px;}.elementor-14476 .elementor-element.elementor-element-a51f7c6{--width:100%;--margin-top:0px;--margin-bottom:0px;--margin-left:0px;--margin-right:0px;--padding-top:0px;--padding-bottom:0px;--padding-left:0px;--padding-right:0px;}.elementor-14476 .elementor-element.elementor-element-d2f85d3.elementor-element{--align-self:center;}.elementor-14476 .elementor-element.elementor-element-a402c3a{--width:100%;--align-items:center;--container-widget-width:calc( ( 1 - var( --container-widget-flex-grow ) ) * 100% );}.elementor-14476 .elementor-element.elementor-element-3c30c09 .elementor-heading-title{font-size:24px;}.elementor-14476 .elementor-element.elementor-element-bb3be24{--width:100%;--margin-top:0px;--margin-bottom:0px;--margin-left:0px;--margin-right:0px;--padding-top:0px;--padding-bottom:0px;--padding-left:0px;--padding-right:0px;}}@media(min-width:768px){.elementor-14476 .elementor-element.elementor-element-a51f7c6{--width:15%;}.elementor-14476 .elementor-element.elementor-element-bb3be24{--width:15%;}.elementor-14476 .elementor-element.elementor-element-0316e85{--width:34.979%;}.elementor-14476 .elementor-element.elementor-element-fd1f093{--width:21.02%;}.elementor-14476 .elementor-element.elementor-element-be2be97{--width:65.021%;}}<\/style>\t\t<div data-elementor-type=\"wp-page\" data-elementor-id=\"14476\" class=\"elementor elementor-14476\">\n\t\t\t\t<div class=\"elementor-element elementor-element-ed5f10f e-con-full e-flex e-con e-parent\" data-id=\"ed5f10f\" data-element_type=\"container\" data-e-type=\"container\" data-settings=\"{&quot;background_background&quot;:&quot;classic&quot;}\">\n\t\t<div class=\"elementor-element elementor-element-a51f7c6 e-con-full e-flex e-con e-child\" data-id=\"a51f7c6\" data-element_type=\"container\" data-e-type=\"container\">\n\t\t\t\t<div class=\"elementor-element elementor-element-d2f85d3 elementor-align-center volver-atras elementor-widget elementor-widget-button\" data-id=\"d2f85d3\" data-element_type=\"widget\" data-e-type=\"widget\" data-widget_type=\"button.default\">\n\t\t\t\t<div class=\"elementor-widget-container\">\n\t\t\t\t\t\t\t\t\t<div class=\"elementor-button-wrapper\">\n\t\t\t\t\t<a class=\"elementor-button elementor-button-link elementor-size-sm elementor-animation-pop\" href=\"#\">\n\t\t\t\t\t\t<span class=\"elementor-button-content-wrapper\">\n\t\t\t\t\t\t\t\t\t<span class=\"elementor-button-text\">&lt;&lt; Retornar<\/span>\n\t\t\t\t\t<\/span>\n\t\t\t\t\t<\/a>\n\t\t\t\t<\/div>\n\t\t\t\t\t\t\t\t<\/div>\n\t\t\t\t<\/div>\n\t\t\t\t<\/div>\n\t\t<div class=\"elementor-element elementor-element-a402c3a e-con-full e-flex e-con e-child\" data-id=\"a402c3a\" data-element_type=\"container\" data-e-type=\"container\">\n\t\t\t\t<div class=\"elementor-element elementor-element-3c30c09 elementor-widget elementor-widget-heading\" data-id=\"3c30c09\" data-element_type=\"widget\" data-e-type=\"widget\" data-widget_type=\"heading.default\">\n\t\t\t\t<div class=\"elementor-widget-container\">\n\t\t\t\t\t<h2 class=\"elementor-heading-title elementor-size-default\">Out Of Home<\/h2>\t\t\t\t<\/div>\n\t\t\t\t<\/div>\n\t\t\t\t<\/div>\n\t\t<div class=\"elementor-element elementor-element-bb3be24 e-con-full e-flex e-con e-child\" data-id=\"bb3be24\" data-element_type=\"container\" data-e-type=\"container\">\n\t\t\t\t<\/div>\n\t\t\t\t<\/div>\n\t\t<div class=\"elementor-element elementor-element-390ddb5 e-con-full e-flex e-con e-parent\" data-id=\"390ddb5\" data-element_type=\"container\" data-e-type=\"container\" data-settings=\"{&quot;background_background&quot;:&quot;classic&quot;}\">\n\t\t<div class=\"elementor-element elementor-element-6774bc5 e-con-full section e-flex e-con e-child\" data-id=\"6774bc5\" data-element_type=\"container\" data-e-type=\"container\">\n\t\t<div class=\"elementor-element elementor-element-bf1939c e-con-full e-flex e-con e-child\" data-id=\"bf1939c\" data-element_type=\"container\" data-e-type=\"container\">\n\t\t<div class=\"elementor-element elementor-element-93d2d49 e-con-full e-flex e-con e-child\" data-id=\"93d2d49\" data-element_type=\"container\" data-e-type=\"container\" data-settings=\"{&quot;background_background&quot;:&quot;classic&quot;}\">\n\t\t<div class=\"elementor-element elementor-element-0316e85 e-con-full e-flex e-con e-child\" data-id=\"0316e85\" data-element_type=\"container\" data-e-type=\"container\">\n\t\t<div class=\"elementor-element elementor-element-96fe325 e-flex e-con-boxed e-con e-child\" data-id=\"96fe325\" data-element_type=\"container\" data-e-type=\"container\">\n\t\t\t\t\t<div class=\"e-con-inner\">\n\t\t<div class=\"elementor-element elementor-element-f16d0d4 e-flex e-con-boxed e-con e-child\" data-id=\"f16d0d4\" data-element_type=\"container\" data-e-type=\"container\">\n\t\t\t\t\t<div class=\"e-con-inner\">\n\t\t<div class=\"elementor-element elementor-element-fd1f093 e-con-full e-flex e-con e-child\" data-id=\"fd1f093\" data-element_type=\"container\" data-e-type=\"container\">\n\t\t\t\t<div class=\"elementor-element elementor-element-d76223b elementor-widget__width-initial elementor-widget elementor-widget-image\" data-id=\"d76223b\" data-element_type=\"widget\" data-e-type=\"widget\" data-widget_type=\"image.default\">\n\t\t\t\t<div class=\"elementor-widget-container\">\n\t\t\t\t\t\t\t\t\t\t\t\t\t\t\t<img decoding=\"async\" width=\"150\" height=\"150\" src=\"https:\/\/latcom.com\/latcom\/wp-content\/uploads\/2023\/09\/medios-de-transporte.svg\" class=\"attachment-thumbnail size-thumbnail wp-image-15750\" alt=\"\" title=\"\">\t\t\t\t\t\t\t\t\t\t\t\t\t\t\t<\/div>\n\t\t\t\t<\/div>\n\t\t\t\t<\/div>\n\t\t<div class=\"elementor-element elementor-element-d197fdf e-flex e-con-boxed e-con e-child\" data-id=\"d197fdf\" data-element_type=\"container\" data-e-type=\"container\">\n\t\t\t\t\t<div class=\"e-con-inner\">\n\t\t\t\t<div class=\"elementor-element elementor-element-681342d elementor-widget elementor-widget-heading\" data-id=\"681342d\" data-element_type=\"widget\" data-e-type=\"widget\" data-widget_type=\"heading.default\">\n\t\t\t\t<div class=\"elementor-widget-container\">\n\t\t\t\t\t<h2 class=\"elementor-heading-title elementor-size-default\">Meios de Transporte<\/h2>\t\t\t\t<\/div>\n\t\t\t\t<\/div>\n\t\t\t\t\t<\/div>\n\t\t\t\t<\/div>\n\t\t\t\t\t<\/div>\n\t\t\t\t<\/div>\n\t\t\t\t\t<\/div>\n\t\t\t\t<\/div>\n\t\t\t\t<div class=\"elementor-element elementor-element-82f2ea5 elementor-widget elementor-widget-text-editor\" data-id=\"82f2ea5\" data-element_type=\"widget\" data-e-type=\"widget\" data-widget_type=\"text-editor.default\">\n\t\t\t\t<div class=\"elementor-widget-container\">\n\t\t\t\t\t\t\t\t\t<p>Suportes localizados em meios de transporte como \u00d4nibus, metr\u00f4, t\u00e1xis e trens, cuja principal caracter\u00edstica \u00e9 o deslocamento.<\/p><p><strong>Atributos:<\/strong> cobertura e frequ\u00eancia.<\/p><h5 class=\"m-t-20\"><strong>Soportes:<\/strong><\/h5><ul class=\"list-icons\"><li>Metr\u00f4<\/li><li>\u00d4nibus<\/li><li>Trens<\/li><li>T\u00e1xis<\/li><li>Outdoor M\u00f3vel<\/li><\/ul>\t\t\t\t\t\t\t\t<\/div>\n\t\t\t\t<\/div>\n\t\t\t\t<\/div>\n\t\t<div class=\"elementor-element elementor-element-be2be97 e-con-full col-right e-flex e-con e-child\" data-id=\"be2be97\" data-element_type=\"container\" data-e-type=\"container\">\n\t\t\t\t<div class=\"elementor-element elementor-element-88e06fb elementor-widget__width-auto elementor-arrows-position-inside elementor-widget elementor-widget-image-carousel\" data-id=\"88e06fb\" data-element_type=\"widget\" data-e-type=\"widget\" data-settings=\"{&quot;slides_to_show&quot;:&quot;1&quot;,&quot;pause_on_hover&quot;:&quot;no&quot;,&quot;autoplay_speed&quot;:2000,&quot;navigation&quot;:&quot;arrows&quot;,&quot;autoplay&quot;:&quot;yes&quot;,&quot;pause_on_interaction&quot;:&quot;yes&quot;,&quot;infinite&quot;:&quot;yes&quot;,&quot;effect&quot;:&quot;slide&quot;,&quot;speed&quot;:500}\" data-widget_type=\"image-carousel.default\">\n\t\t\t\t<div class=\"elementor-widget-container\">\n\t\t\t\t\t\t\t<div class=\"elementor-image-carousel-wrapper swiper\" role=\"region\" aria-roledescription=\"carousel\" aria-label=\"Carrossel de imagens\" dir=\"ltr\">\n\t\t\t<div class=\"elementor-image-carousel swiper-wrapper swiper-image-stretch\" aria-live=\"off\">\n\t\t\t\t\t\t\t\t<div class=\"swiper-slide\" role=\"group\" aria-roledescription=\"slide\" aria-label=\"1 de 16\"><figure class=\"swiper-slide-inner\"><img decoding=\"async\" class=\"swiper-slide-image\" src=\"https:\/\/latcom.com\/latcom\/wp-content\/uploads\/2023\/10\/transporte-16-2.jpg\" alt=\"transporte-16\" title=\"\"><\/figure><\/div><div class=\"swiper-slide\" role=\"group\" aria-roledescription=\"slide\" aria-label=\"2 de 16\"><figure class=\"swiper-slide-inner\"><img decoding=\"async\" class=\"swiper-slide-image\" src=\"https:\/\/latcom.com\/latcom\/wp-content\/uploads\/2023\/10\/transporte-15-2.jpg\" alt=\"transporte-15\" title=\"\"><\/figure><\/div><div class=\"swiper-slide\" role=\"group\" aria-roledescription=\"slide\" aria-label=\"3 de 16\"><figure class=\"swiper-slide-inner\"><img decoding=\"async\" class=\"swiper-slide-image\" src=\"https:\/\/latcom.com\/latcom\/wp-content\/uploads\/2023\/10\/transporte-14-2.jpg\" alt=\"transporte-14\" title=\"\"><\/figure><\/div><div class=\"swiper-slide\" role=\"group\" aria-roledescription=\"slide\" aria-label=\"4 de 16\"><figure class=\"swiper-slide-inner\"><img decoding=\"async\" class=\"swiper-slide-image\" src=\"https:\/\/latcom.com\/latcom\/wp-content\/uploads\/2023\/10\/transporte-13-2.jpg\" alt=\"transporte-13\" title=\"\"><\/figure><\/div><div class=\"swiper-slide\" role=\"group\" aria-roledescription=\"slide\" aria-label=\"5 de 16\"><figure class=\"swiper-slide-inner\"><img decoding=\"async\" class=\"swiper-slide-image\" src=\"https:\/\/latcom.com\/latcom\/wp-content\/uploads\/2023\/10\/transporte-12-2.jpg\" alt=\"transporte-12\" title=\"\"><\/figure><\/div><div class=\"swiper-slide\" role=\"group\" aria-roledescription=\"slide\" aria-label=\"6 de 16\"><figure class=\"swiper-slide-inner\"><img decoding=\"async\" class=\"swiper-slide-image\" src=\"https:\/\/latcom.com\/latcom\/wp-content\/uploads\/2023\/10\/transporte-11-2.jpg\" alt=\"transporte-11\" title=\"\"><\/figure><\/div><div class=\"swiper-slide\" role=\"group\" aria-roledescription=\"slide\" aria-label=\"7 de 16\"><figure class=\"swiper-slide-inner\"><img decoding=\"async\" class=\"swiper-slide-image\" src=\"https:\/\/latcom.com\/latcom\/wp-content\/uploads\/2023\/10\/transporte-10-2.jpg\" alt=\"transporte-10\" title=\"\"><\/figure><\/div><div class=\"swiper-slide\" role=\"group\" aria-roledescription=\"slide\" aria-label=\"8 de 16\"><figure class=\"swiper-slide-inner\"><img decoding=\"async\" class=\"swiper-slide-image\" src=\"https:\/\/latcom.com\/latcom\/wp-content\/uploads\/2023\/10\/transporte-09-2.jpg\" alt=\"transporte-09\" title=\"\"><\/figure><\/div><div class=\"swiper-slide\" role=\"group\" aria-roledescription=\"slide\" aria-label=\"9 de 16\"><figure class=\"swiper-slide-inner\"><img decoding=\"async\" class=\"swiper-slide-image\" src=\"https:\/\/latcom.com\/latcom\/wp-content\/uploads\/2023\/10\/transporte-08-2.jpg\" alt=\"transporte-08\" title=\"\"><\/figure><\/div><div class=\"swiper-slide\" role=\"group\" aria-roledescription=\"slide\" aria-label=\"10 de 16\"><figure class=\"swiper-slide-inner\"><img decoding=\"async\" class=\"swiper-slide-image\" src=\"https:\/\/latcom.com\/latcom\/wp-content\/uploads\/2023\/10\/transporte-07-2.jpg\" alt=\"transporte-07\" title=\"\"><\/figure><\/div><div class=\"swiper-slide\" role=\"group\" aria-roledescription=\"slide\" aria-label=\"11 de 16\"><figure class=\"swiper-slide-inner\"><img decoding=\"async\" class=\"swiper-slide-image\" src=\"https:\/\/latcom.com\/latcom\/wp-content\/uploads\/2023\/10\/transporte-06-2.jpg\" alt=\"transporte-06\" title=\"\"><\/figure><\/div><div class=\"swiper-slide\" role=\"group\" aria-roledescription=\"slide\" aria-label=\"12 de 16\"><figure class=\"swiper-slide-inner\"><img decoding=\"async\" class=\"swiper-slide-image\" src=\"https:\/\/latcom.com\/latcom\/wp-content\/uploads\/2023\/10\/transporte-05-2.jpg\" alt=\"transporte-05\" title=\"\"><\/figure><\/div><div class=\"swiper-slide\" role=\"group\" aria-roledescription=\"slide\" aria-label=\"13 de 16\"><figure class=\"swiper-slide-inner\"><img decoding=\"async\" class=\"swiper-slide-image\" src=\"https:\/\/latcom.com\/latcom\/wp-content\/uploads\/2023\/10\/transporte-04-2.jpg\" alt=\"transporte-04\" title=\"\"><\/figure><\/div><div class=\"swiper-slide\" role=\"group\" aria-roledescription=\"slide\" aria-label=\"14 de 16\"><figure class=\"swiper-slide-inner\"><img decoding=\"async\" class=\"swiper-slide-image\" src=\"https:\/\/latcom.com\/latcom\/wp-content\/uploads\/2023\/10\/transporte-03-2.jpg\" alt=\"transporte-03\" title=\"\"><\/figure><\/div><div class=\"swiper-slide\" role=\"group\" aria-roledescription=\"slide\" aria-label=\"15 de 16\"><figure class=\"swiper-slide-inner\"><img decoding=\"async\" class=\"swiper-slide-image\" src=\"https:\/\/latcom.com\/latcom\/wp-content\/uploads\/2023\/10\/transporte-02-2.jpg\" alt=\"transporte-02\" title=\"\"><\/figure><\/div><div class=\"swiper-slide\" role=\"group\" aria-roledescription=\"slide\" aria-label=\"16 de 16\"><figure class=\"swiper-slide-inner\"><img decoding=\"async\" class=\"swiper-slide-image\" src=\"https:\/\/latcom.com\/latcom\/wp-content\/uploads\/2023\/10\/transporte-01-2.jpg\" alt=\"transporte-01\" title=\"\"><\/figure><\/div>\t\t\t<\/div>\n\t\t\t\t\t\t\t\t\t\t\t\t<div class=\"elementor-swiper-button elementor-swiper-button-prev\" role=\"button\" tabindex=\"0\">\n\t\t\t\t\t\t<i aria-hidden=\"true\" class=\"eicon-chevron-left\"><\/i>\t\t\t\t\t<\/div>\n\t\t\t\t\t<div class=\"elementor-swiper-button elementor-swiper-button-next\" role=\"button\" tabindex=\"0\">\n\t\t\t\t\t\t<i aria-hidden=\"true\" class=\"eicon-chevron-right\"><\/i>\t\t\t\t\t<\/div>\n\t\t\t\t\n\t\t\t\t\t\t\t\t\t<\/div>\n\t\t\t\t\t\t<\/div>\n\t\t\t\t<\/div>\n\t\t\t\t<\/div>\n\t\t\t\t<\/div>\n\t\t\t\t<\/div>\n\t\t\t\t<\/div>\n\t\t\t\t<\/div>\n\t\t\t\t<\/div>\n\t\t","protected":false},"excerpt":{"rendered":"","protected":false},"author":1,"featured_media":0,"parent":14458,"menu_order":0,"comment_status":"closed","ping_status":"closed","template":"","meta":{"_acf_changed":false,"inline_featured_image":false,"footnotes":""},"class_list":["post-14476","page","type-page","status-publish"],"acf":[],"lang":"pt","translations":{"pt":14476,"en":14474,"es":1589},"pll_sync_post":[],"_links":{"self":[{"href":"https:\/\/latcom.com\/latcom\/wp-json\/wp\/v2\/pages\/14476","targetHints":{"allow":["GET"]}}],"collection":[{"href":"https:\/\/latcom.com\/latcom\/wp-json\/wp\/v2\/pages"}],"about":[{"href":"https:\/\/latcom.com\/latcom\/wp-json\/wp\/v2\/types\/page"}],"author":[{"embeddable":true,"href":"https:\/\/latcom.com\/latcom\/wp-json\/wp\/v2\/users\/1"}],"replies":[{"embeddable":true,"href":"https:\/\/latcom.com\/latcom\/wp-json\/wp\/v2\/comments?post=14476"}],"version-history":[{"count":11,"href":"https:\/\/latcom.com\/latcom\/wp-json\/wp\/v2\/pages\/14476\/revisions"}],"predecessor-version":[{"id":22030,"href":"https:\/\/latcom.com\/latcom\/wp-json\/wp\/v2\/pages\/14476\/revisions\/22030"}],"up":[{"embeddable":true,"href":"https:\/\/latcom.com\/latcom\/wp-json\/wp\/v2\/pages\/14458"}],"wp:attachment":[{"href":"https:\/\/latcom.com\/latcom\/wp-json\/wp\/v2\/media?parent=14476"}],"curies":[{"name":"wp","href":"https:\/\/api.w.org\/{rel}","templated":true}]}}